- 4 - 2*a. Calculate t(-5).
4
Let y(q) = q**3 - 7*q**2 + 3*q + 3. Let u(v) be the third derivative of v**6/120 + 13*v**5/60 - 7*v**4/12 + v**3 - 6*v**2. Let r be u(-14). What is y(r)?
-15
Suppose 4*u - 2*q - 12 = 0, -2*u = -0*q - 5*q - 14. Let h(r) = -r**2 + r**u - 5*r**2. Give h(1).
-5
Let z(n) = -7*n**2 - n. Let y be z(-1). Let g = y + 9. Let l(u) = -2*u**2 + 3*u. Calculate l(g).
-9
Let f(d) = 12*d - 1. Let n be (2 - -1) + (2 - (-3 - -7)). Give f(n).
11
Let y(j) be the first derivative of 7*j**2/2 - j + 21. What is y(1)?
6
Let h = 1 - 1. Let w(g) be the first derivative of -g**4/4 + g**3/3 - g**2/2 - g - 6. Calculate w(h).
-1
Let r(k) = -4*k - 4 - 3*k + k + 5*k. Let t(s) = s**2 - 4*s - 3. Let m be (-4)/(-3)*(1 - -2). Let q be t(m). What is r(q)?
-1
Suppose -p - 3*p + 5*t = -7, -3*p - 9 = t. Let n(w) = 2*w**2 + w - 2. Calculate n(p).
4
Let i be ((-70)/15 + 5)*0. Let v(p) be the first derivative of -p**3/3 + 3*p - 1. What is v(i)?
3
Let o(n) = n**2 + 3*n - 1. Let k(j) = -7*j + 45. Let i be k(7). Give o(i).
3
Let i(p) = 7*p**2 + 15*p - 13. Let j(g) = -11*g**2 - 23*g + 20. Let r(n) = -8*i(n) - 5*j(n). Let v be -1*5 + -1*1. Give r(v).
-2
Let g(t) = 4*t + 1. Let p = -5 - -4. Calculate g(p).
-3
Suppose 4 + 1 = -5*m. Let b(r) = r**2 + r - 1. Let k(v) = v**3 - 9*v**2 - 13*v + 10. Let f(c) = m*k(c) - 4*b(c). Calculate f(6).
12
Suppose 19 = 4*h + 3. Let f be h/(-2*(-2)/8). Let q = f - 5. Let l(n) = -n**3 + 4*n**2 - n - 4. Give l(q).
2
Let o = 56 + -60. Let q(k) = -k**3 - 5*k**2 - 6*k - 6. What is q(o)?
2
Let n = 1 - -1. Suppose 0 = n*j + 5*c - 3, 2*j - 4*c = c - 7. Let y(b) = -5*b**2 - 3*b + 4. Let l(g) = g**2 - 1. Let d(u) = j*y(u) - 4*l(u). Give d(-3).
0
Let m(n) be the third derivative of -n**5/10 - n**4/24 - 52*n**2. Give m(-1).
-5
Let d(y) = -2*y**2 - 2. Let q(z) = -5*z + 6. Let h(c) = c. Suppose 6 = n - 2*k, -3*n + 5*k + 26 = 9. Let o(i) = n*h(i) + q(i). Let g be o(4). Determine d(g).
-10
Suppose -3*s = -3*i + 84, 0 = -2*i + 5*s + 53 + 15. Let b be i/11 + 8/(-44). Suppose 0 = -0*m + m - b. Let z(k) = -2*k**3 + 3*k**2 - 2*k + 3. Determine z(m).
-5
Let x(b) = -b**3 - 5*b**2 + 4. Let r be x(-5). Let k = r + -1. Let c(d) = 4 - 4 - d + k. Determine c(-3).
6
Let y(a) = 3*a**2 + 3 - 2*a**2 + 410*a - 415*a. What is y(3)?
-3
Suppose -d + 3 = 2. Let x(f) be the first derivative of -f**7/840 + f**6/360 - f**4/24 - 7*f**3/3 + 1. Let c(p) be the third derivative of x(p). Give c(d).
-1
Suppose 2*i = -3*i + 2*n + 48, 2*i = n + 20. Let a be i/6*(-3)/1. Let g(q) = -3 + 11 + 2*q - q. What is g(a)?
4
Let i(s) be the second derivative of -7*s**4/12 + s**2/2 + 5*s. Let t = -1 - 0. Give i(t).
-6
Let r(q) be the second derivative of -q**4/12 + 7*q**3/6 - q**2 + 9*q. Calculate r(5).
8
Suppose p = 6*p - 10. Let d(y) = -3*y + 7. Let m(r) = r - 2. Let v(q) = 2*d(q) + 7*m(q). Determine v(p).
2
Let q(y) = -14*y**2 + 6*y + 15*y**2 - 3*y + 2*y. Calculate q(-6).
6
Let d = 7 - 5. Let m(u) = -u**3 + 2*u**2 + u. Let x be m(d). Let i(a) = 2*a**2 - 5 + a**3 + 0*a**2 + 4 - 3*a**2. Determine i(x).
3
Let v(s) = -5*s + 0*s + 6*s + 1. Determine v(-1).
0
Let n(u) = -u**2 - 3*u + 3. Let x be 6/27 - (-446)/18. Suppose 0 = -4*i - i - 5*j, -x = 3*i - 2*j. Give n(i).
-7
Let f(k) = 19*k**3 + 2*k + 1. Let t be (-2)/(-4)*36/(-18). Calculate f(t).
-20
Let a be 4/(-6) - 4/3. Let d = 3 - a. Let p(r) = -3*r**2 - r - 3*r + d*r - r**3. Determine p(-2).
-6
Let f = 13 + -11. Let g(z) be the second derivative of -z**7/840 - z**5/60 + z**4/12 + z**3/3 - 2*z. Let y(a) be the second derivative of g(a). Calculate y(f).
-10
Let n = -1 + 6. Let w(b) = b**3 - 3*b**3 + 5*b**3 - 2*b**3 + n - b. What is w(0)?
5
Let n(x) = 3*x + 3 + 2*x - 2*x. Suppose 8 = 5*l - l, -2*k = -l + 10. What is n(k)?
-9
Let z(f) = -2*f - 5. Let h be (-3)/7 - (-3)/7. Suppose h = y + 3*y + 20. Calculate z(y).
5
Suppose 14 = -x + 4*c, -2*x - c = 3*x - 14. Let u(v) = -2*v + 3. What is u(x)?
-1
Let d(v) be the first derivative of -v**3/3 - 3*v**2/2 + 1. Calculate d(-3).
0
Let h(c) be the first derivative of c**4/2 + c**2/2 - c + 8. Determine h(1).
2
Suppose -4*j = 2*d - 14, 2*d + 6 = -d + 3*j. Let y be d + -9 + -2 + 5. Let k(g) = g**3 + 5*g**2 - 3. What is k(y)?
-3
Suppose r = 2*r - 3*b - 18, -5*b - 44 = -4*r. Suppose -11*y + 8*y = -r. Let k(m) = 14*m - 5. Let q(l) = -9*l + 3. Let c(i) = -5*k(i) - 8*q(i). What is c(y)?
5
Let l(v) = -v**3 + 10*v**2 - 7*v - 15. Let o be l(9). Let h(n) = n + 1. Calculate h(o).
4
Let i(t) = -t**3 + 1 + 3*t + 0 - 4*t + t**2 + 0*t**3. Suppose -3*p = 4 - 1. Let f = 2 + p. Determine i(f).
0
Let v(l) be the third derivative of l**6/120 - l**5/15 + l**3/6 + 5*l**2. Calculate v(4).
1
Let t(u) = -u**3 + 5*u**2 - u - 5. Let q be 2/(-3)*(0 + -6). Determine t(q).
7
Let h(c) = c**3 - 7*c**2 + 6*c - 1. Let b(z) = 3*z - 15. Let d be b(7). Calculate h(d).
-1
Let o(h) be the second derivative of -h**5/20 - h**4/12 + h**3/6 - h**2 + h. What is o(2)?
-12
Let j(t) = -t**2 - 8*t + 3. Let d be j(-8). Suppose -1 = d*v - 7. Let r(x) = -2*x**2 + 2*x + v*x**2 + x**2 - 4*x. Determine r(1).
-1
Let z(q) be the first derivative of q**2 - 7*q - 23. Determine z(5).
3
Let l be (10/1)/(-5) - -7. Let o(v) = v**2 - 2*v - 2. What is o(l)?
13
Let v(i) = i - 9. Let n(g) = g - 8. Let s(l) = 5*n(l) - 4*v(l). What is s(3)?
-1
Let g(c) be the second derivative of 3/2*c**2 + 0 - 1/20*c**5 - 1/4*c**4 + 0*c**3 - 8*c. Calculate g(-3).
3
Let a(w) = 6*w. Let t(m) = -m - 1. Let s(h) = -a(h) + t(h). Let l(j) = -6*j - 2. Let q(o) = -6*l(o) + 5*s(o). Let r(i) = i - 21. Let b be r(15). Give q(b).
1
Let m(v) be the second derivative of -v**3 - v**2/2 + 3*v. Let a(z) = 5*z + 1. Let r(w) = -3*a(w) - 4*m(w). What is r(1)?
10
Let w(i) be the second derivative of -i**4/12 - 11*i**3/6 - 4*i**2 - 39*i. What is w(-11)?
-8
Let i(o) = o**3 - o**2 - 2*o + 3. Let d be i(3). Suppose -12*c + d*c - 3 = 0. Let a(z) = -5*z**2 + 4*z**2 + 5*z**2. Calculate a(c).
4
Let q(c) = -c**2 + 5*c. Let u = 9 - 5. Let s(n) be the first derivative of -n**3/3 + 5*n**2/2 - 5. Let l(m) = u*s(m) - 3*q(m). Calculate l(5).
0
Let p be -4*(4 + -2)/(-2). Let f(k) = 9*k - 17. Let h(s) = -22*s + 42. Let t = 13 - 8. Let o(z) = t*h(z) + 12*f(z). Determine o(p).
-2
Let v(y) = -2*y + 4. Let i = 4 + -9. Let a(s) = s + 2. Let h be a(i). What is v(h)?
10
Let l(p) = -9*p - 11. Let o(h) = h**2 + 5*h - 8. Let c be o(-7). Let j(f) = 4*f + 5. Let u(v) = c*l(v) + 13*j(v). Determine u(1).
-3
Let h be 15/5 + (-1 - -2). Let c = h - 4. Let t(n) = c*n**2 - 5*n**2 + 4*n**2 + 1 - 5*n**3. What is t(-1)?
5
Let l(n) = 4*n**2 + n. Suppose t = 3*m + 10 - 0, -3*t - 5*m = 12. What is l(t)?
5
Let g(u) = 21*u - 12. Let f(w) = -7*w + 4. Let l(i) = 8*f(i) + 3*g(i). Determine l(3).
17
Let x = -3 - -3. Let a(p) = p - 1. Let o(s) = 3*s - 3. Let j be -15*((-8)/6 - -1). Let y(n) = j*a(n) - 2*o(n). Give y(x).
1
Let u(w) = -7*w. Let m be u(3). Let d be 2/(-14) - (-81)/m. Let r(y) = y - 3. Determine r(d).
-7
Let i(q) = -q**2 - 1. Let k(z) be the third derivative of -z**5/60 + z**4/6 + 4*z**3/3 - 10*z**2. Let c be k(6). Calculate i(c).
-17
Let n(y) = y - 7 - 8 + 14. Determine n(8).
7
Let m(g) be the first derivative of g**4/24 + g**3/2 + g**2/2 - 1. Let s(p) be the second derivative of m(p). Let r = 3 + -6. What is s(r)?
0
Let m(n) = n**3 - 7*n**2 + 8*n - 9. Let a = 2 + 4. Let u be m(a). Let y(g) = g - 4. What is y(u)?
-1
Let w(g) = g**3 - 2*g**2 - 3*g - 3. Let c(p) = 0*p - 7 - 2 + 2*p. Let m be c(8). Let q = m - 4. Determine w(q).
-3
Let z(v) = v + 24 + v - 32 + 5*v - v**2. Let y(g) = -g**3 - 2*g**2 + 2*g + 3. Let i be y(-3). Determine z(i).
-2
Let l(i) be the second derivative of -i**5/20 + 5*i**4/12 - 2*i**3/3 - i**2/2 + 21*i. Calculate l(4).
-1
Let x(s) = s + 5. Let r be x(-4). Let j(l) be the third derivative of -l**5/6 + l**3/6 + 2*l**2. What is j(r)?
-9
Suppose 4*p - 13 = -3*b, -4*p + 2 = -2*p. Let r(z) = -4*z**2 - z**3 + 5*z**2 - b + 5*z + 0*z**3. Calculate r(3).
-6
Let u = -3 + 1. Let y be 30/(-5)*u/3. Let q(r) = -r**2 + 5*r. Determine q(y).
4
Suppose 4*y - y + 9 = 0. Let z(d) = -d**3 - 3*d**2 - 2*d + 4. What is z(y)?
10
Suppose -7*d + 14 = -3*d + 2*k, -5 = -5*k. Let q(p) be the third derivative of 0*p + 1/8*p**4 + 2/3*p**3 + 0 - 1/60*p**5 - p**2. What is q(d)?
4
Suppose -3*y = -5*u + 32, 0 = -5*u + y + 4 + 20. Suppose 0 = 3*t - u*a - 